termine m(y).
-4
Let b(y) = y**3 - 5*y**2 + y - 5. Let j be b(5). Suppose -u + 5 = 2*f - 0*f, j = 2*f - 3*u - 1. Let c(n) = 6 + f*n + 2*n - 6*n. What is c(-6)?
18
Let q(p) = 3*p**2 - 4*p + 9. Let d(c) = 5*c**2 - 5*c + 14. Let r(l) = -5*d(l) + 8*q(l). What is r(-7)?
2
Let c = -10 - -23. Let b(w) = w**3 - 12*w**2 - 14*w - 4. Let d(u) = 2*u**3 - 25*u**2 - 29*u - 9. Let z(o) = c*b(o) - 6*d(o). Give z(7).
-5
Suppose 87*g = 90*g - 6. Suppose g*z - 6 = -z. Let k(y) = 4*y**2 + 3*y - 3. What is k(z)?
19
Let y(u) = -53*u - 467. Let c be y(-9). Let a(z) = 2*z - 9. Determine a(c).
11
Suppose -5 = 5*k, -s - k + 15 = -4*k. Suppose -2*c = -5*c + s. Let l(t) be the second derivative of t**3/3 - 3*t**2/2 - 4*t. Determine l(c).
5
Let v(c) = 251*c**2 - 246*c**2 + 2*c**3 + 2 - 3. Let r be v(-3). Let i(m) = -m - 12. Calculate i(r).
-2
Suppose -7*q = -2*q. Suppose 4*g - 32 + q = 0. Suppose g = u + u. Let a(y) = -y**3 + 5*y**2 - 5*y - 2. Give a(u).
-6
Let f(z) = -z + 1. Let l be (0 - (-3)/(-9))*0. Let k be -2 + l/4 + 2. Let n be k/(1/((-3)/(-3))). Determine f(n).
1
Let m(y) = -2*y - 1. Let o(i) = 9*i + 3. Let n(v) = 4*m(v) + 2*o(v). Calculate n(5).
52
Let v(d) = -d**3 - 2*d**2 - 2*d - 1. Let p = 8 + 2. Let t(s) = -s**3 + 11*s**2 - 10*s + 3. Let j be t(p). Let r = -5 + j. Calculate v(r).
3
Suppose v + 3 = 2*v. Suppose 3 = -v*l + 12. Let w(z) = 5*z**2 - 3*z - 16. Let u(d) = d**2 - d - 4. Let i(x) = -4*u(x) + w(x). What is i(l)?
12
Let k(y) be the third derivative of -y**6/120 + 7*y**5/60 - y**4/4 - y**3/3 - 9*y**2. Let p be (3/5)/((-76)/40 + 2). Calculate k(p).
-2
Let k(a) = -a**2 + 8*a - 10. Suppose -3*o + 110*b + 22 = 115*b, 22 = 4*o + 3*b. What is k(o)?
6
Suppose 5*q - 7 = -2. Let t be -3 - 0/q*1. Let h(r) = -r**3 - 4*r**2 - 4*r - 4. Let j be h(t). Let k(u) = -3*u**2 - u. Determine k(j).
-2
Let l(m) be the first derivative of m**5/15 - m**4/12 - m**3/6 - 24*m**2 + 42. Let g(d) be the second derivative of l(d). Give g(2).
11
Let s(v) = 8*v**3 - 3*v**2 + 2*v - 1. Let d(h) = -33*h**3 + 13*h**2 - 9*h + 5. Let t(x) = -2*d(x) - 9*s(x). Suppose -4*l = l + 235. Let n = l + 48. Give t(n).
-6
Let q(w) = -8*w + 153. Let l be q(19). Let o(s) = -1 + 4*s - 4*s - 6*s**2. Calculate o(l).
-7
Suppose 0 = 11*v - 8*v + 3. Let g be 12/(1*-4)*v. Let p(a) = 2*a**2 - 3*a**2 - 4 + 9 - a - g*a. Calculate p(-4).
5
Let p(l) = l**2 + 4*l - 3. Suppose 2*i - 13 = 53. Let o = i + -13. Suppose -v + 6*v = -o. What is p(v)?
-3
Let b(s) = s**3 - 11*s**2 + 9*s + 4. Let k be b(10). Let z(h) = -3*h - 8. Give z(k).
10
Let m(t) be the first derivative of t**3/3 + 4*t**2 + 3*t - 2. Suppose 2*n + 0*n = 50. Suppose -6*l - n = -l. Give m(l).
-12
Suppose 0 = 2*s + 2, 4*v + 37*s - 21 = 38*s. Let k(d) = -4 + 6 - 3*d**3 + 5*d**2 + 2*d**3. Determine k(v).
2
Let n(u) = -u**3 + 8*u**2 - u + 11. Let q(p) = p**3 + 6*p**2 + 5*p + 3. Let x be q(-5). Suppose -3*b + 2*o + o = -30, -28 = -x*b + 2*o. Determine n(b).
3
Let i(l) be the second derivative of 5*l**3/6 + 13*l**2/2 + 136*l. What is i(-5)?
-12
Let o(d) be the second derivative of d**3/6 + 4*d**2 - 6*d. Let r(t) = -t**2 - 2*t + 3. Let b be r(-3). Suppose b*f = -f. Give o(f).
8
Let u be (-8)/24 + (-10)/(-3). Suppose -u = t - 2*t. Suppose n - p + 4 = 0, -t*n - 1 = -2*p + 9. Let x(c) = -5*c - 3. Determine x(n).
7
Let k be (38/6*3)/1 + -4. Let c(d) = -15*d - 18*d - k*d + 50*d - 2. Give c(-2).
-6
Let t be (3/5 - 12/(-5)) + 0. Let w(x) = x**2 - 2*x**3 - 3*x**3 + 6*x**3 + 4 + 0*x**t. What is w(-3)?
-14
Let u(h) be the second derivative of h**5/20 + 9*h**2/2 + 3*h. Let k(v) = 13*v. Let s be k(-2). Let n = s - -26. Calculate u(n).
9
Let d(z) = -5*z**2 - 9*z - 7. Let k(m) = -m**2 - 1. Let f(u) = d(u) - 4*k(u). What is f(-9)?
-3
Let t(l) be the first derivative of -l**4/4 - 7*l**3/3 + 3*l**2 - 7*l + 128. What is t(-8)?
9
Let a(f) = f**3 - 2*f + 2. Let y be a(2). Suppose -y*q + 5*q = -1. Let h(k) = -8*k - 5*k**3 + 2*k + 5*k + k**2. Give h(q).
-5
Let c(m) = -m**2 - 2. Let a(o) = o**3 - 2*o + 7. Let v be a(0). Suppose -3*b + 2*b = 5*g - 16, -b = 2*g - v. Give c(g).
-11
Let p(l) = l**2 + 7*l - 1. Let k(b) = -b**2 - 6*b + 1. Let g(x) = -6*k(x) - 5*p(x). Suppose -3*a = -2*a + 2*a. Suppose a = -32*r + 31*r - 2. What is g(r)?
1
Let h be (-76)/(-4 - -8) - (-4 - 1). Let s(r) = r + 16. What is s(h)?
2
Let c(x) be the first derivative of 4*x**3/3 - x**2 + x - 22. Suppose 0 = -3*j + 1 + 14. Suppose -1 = 4*q - j. Calculate c(q).
3
Let z be 0 + (2 - (7 + -2)). Suppose 0*m + 5*u + 14 = -3*m, -2*m + u + 8 = 0. Let f(y) = 5*y + 6*y**2 - 3 + 2 - 2 - 5*y**m. What is f(z)?
-9
Let z(b) = b - 1. Let y(a) = -15 + 5*a - 13 + 8 - 12. Let n be y(5). Calculate z(n).
-8
Let p(r) = 3*r**3 - 2*r**2 + 14. Let k(y) = -y**3 + y**2 - 6. Let v(a) = 9*k(a) + 4*p(a). Calculate v(-2).
-18
Let s(a) = -4*a + 5. Let n be (8/(-6))/(14/(-21)). Suppose -n*q + 5*t + 37 = 0, 2*q + 4*t - 7 = -t. Let f = 15 - q. What is s(f)?
-11
Let g(l) = l + 8. Suppose -126 = -35*r + 53*r. Give g(r).
1
Let k(q) = q**2 + q + 5. Let r be k(0). Let t(u) = -96*u + 43*u + 1 + 50*u. What is t(r)?
-14
Let k(g) = 288*g - 79 + 78 - 287*g. Determine k(-6).
-7
Let j(t) = 94*t + 93*t + 96*t - t**2 - 18 - 268*t. Calculate j(14).
-4
Suppose -h - 3*h = 0. Let v(d) = 2*d + 2*d + 3 - 3*d + h - 5*d**2. Let p(x) = 16*x**2 - 4*x - 10. Let j(r) = 2*p(r) + 7*v(r). Determine j(-2).
-9
Let d(g) = 14*g + 4. Suppose 19 = -m + 4*c - 0*c, -2*m = 4*c - 10. Calculate d(m).
-38
Let i(q) = 8*q - 1. Let h = -74 - -90. Suppose h*d + 4 = 52. Determine i(d).
23
Let b(x) = -2*x**2 - 10*x - 8. Let t be b(-4). Let c(q) = 385*q**3 - 6 + 6 + 8 - 193*q**3 - 193*q**3. Give c(t).
8
Let d(x) = -16*x - 16. Let m(c) = 4 - 3*c + 0 - 3 - 4. Let i(n) = -6*d(n) + 33*m(n). Calculate i(-3).
6
Let c(z) = 7 - 2*z - 5 + 2*z**2 - z**2 - 3*z + z. Calculate c(3).
-1
Let d(u) = -u + 6. Suppose -a = -2*a + 3*k - 7, -a = -k - 1. Suppose -g = -a*g - 4. Let w = 2 - g. Determine d(w).
3
Let i(z) = z**3 - 7*z**2 + 6*z - 6. Let a = 6 - 10. Let o be 2/a*4 - -6. Let k = o - -2. Determine i(k).
-6
Let t(i) = i**2 + 5*i + 6. Let k be t(-4). Let h(l) = 5 + 3*l**k - 2*l**2 + 2 + 6*l. Suppose 2*b - 60*y + 55*y = 5, -y = -4*b - 17. What is h(b)?
2
Suppose 3*l = -6 + 9. Let t(q) be the first derivative of -q**4/4 + 2*q**3/3 + q**2/2 - q - 57. Determine t(l).
1
Let q be 1*8*1/2. Let r(w) = -14*w**3 + 2*w**2 + 32*w + 3. Let m(h) = -5*h**3 + h**2 + 11*h + 1. Let g(x) = 17*m(x) - 6*r(x). Calculate g(q).
-5
Let k(p) = 28 + 60 - 89 - 4*p. Calculate k(-4).
15
Suppose -3*c = 4 - 19. Let l(m) = -c - m**3 + 5*m - 2 + 0*m**3 + 0 - 4*m**2. Let u(b) = b**2 - 5*b - 5. Let h be u(5). Determine l(h).
-7
Suppose 0 = 2*z - 0*z. Let l(a) = -9*a**2 - 20 + 29*a**2 - 14*a**2 - 5*a**2. Determine l(z).
-20
Let u(q) = -q**2 + q + 6. Let j = -31 - -59. Let d = -28 + j. Determine u(d).
6
Suppose 48*a = 42*a - 24. Let z(r) = 2*r + 3. What is z(a)?
-5
Let v(r) = 13*r - 28. Let p(u) = 7*u - 14. Let k(j) = 11*p(j) - 6*v(j). Calculate k(0).
14
Suppose -s + 7 = 5. Suppose 2*n + 3*n + 25 = -5*x, -2*x = n + 10. Let w(a) = n + 3 - 4 - 2*a**2 - 2 + 3*a. Determine w(s).
-5
Let i(g) = 4 - 3 - 7 - 8 + 6*g - 7*g. Let d be (-11 - -6)*(-1 - -3). What is i(d)?
-4
Let n(u) be the third derivative of u**6/120 + u**5/10 - 3*u**4/8 + u**3 + 207*u**2. Determine n(-7).
20
Let s(l) = 2*l - 9*l + 3776 - 3774. What is s(-3)?
23
Suppose -2*f + 2 = -f. Let h(x) = 7*x - 6*x**2 + 14*x**f - 8 - 7*x**2. What is h(-7)?
-8
Let q(l) = l**3 - 4*l + 1 + 0*l + 0*l**2 - 6*l**2 + 0*l + 10*l. Determine q(4).
-7
Suppose 8*n = -55 - 65. Let i(o) = o**3 + 16*o**2 + 16*o + 14. What is i(n)?
-1
Let a(h) be the second derivative of 2*h**2 - 1/6*h**3 + 5*h + 0. Suppose 3*z = 3*p - 21, z = -2*p - z + 2. Determine a(p).
0
Let v(g) = g**3 + 4*g**2 - 2*g + 5. Suppose -43 = n - 6*n + 4*c, 4*c + 8 = 0. Let f be -8 + -4 + n - 0. What is v(f)?
-10
Let v(u) = -u**2 - 6*u + 43. Suppose -5*o = -91 + 141. Calculate v(o).
3
Let v be -2 + (-18)/6 + 13*1. Let d = v - 0. Let r(s) = s**2 - 9*s + 3. Calculate r(d).
-5
Let m(g) = -g**3 - 21*g**2 - 9*g - 1. Let j(b) = 3*b**3 + 60*b**2 + 26*b + 3. Let z(t) = -6*j(t) - 17*m(t). Let y = -4 - -2. Give z(y).
1
Let s(d) = 5*d**3 - d**2 - d + 1. Suppose 0 = -13*j + 12*j. Suppose 2*w = 2*z + 12, j = 2*w + 3*w + 2*z + 5. What is s(w)?
4
Let s(g) = 3*g - 3. Let